{"id":119,"date":"2021-08-12T12:17:37","date_gmt":"2021-08-12T12:17:37","guid":{"rendered":"https:\/\/valyon.ch\/?post_type=product&#038;p=119"},"modified":"2026-01-23T19:36:50","modified_gmt":"2026-01-23T17:36:50","slug":"einkaufswagen-jeton2chf","status":"publish","type":"product","link":"https:\/\/valyon.ch\/index.php\/product\/einkaufswagen-jeton2chf\/","title":{"rendered":"Einkaufswagen Jeton(2chf)"},"content":{"rendered":"<p>Man hat vielleicht nicht immer eine M\u00fcnze dabei, doch mit diesem Schl\u00fcsselanh\u00e4nger m\u00fcssen sie sich keine Sorgen wegen dem Einkaufswagen machen. Der Jeton hat genau das Mass einer 2chf M\u00fcnze.<\/p>\n","protected":false},"excerpt":{"rendered":"<p>Man hat vielleicht nicht immer eine M\u00fcnze dabei, doch mit diesem Schl\u00fcsselanh\u00e4nger m\u00fcssen sie sich keine Sorgen wegen dem Einkaufswagen machen. Der Jeton hat genau das Mass einer 2chf M\u00fcnze.<\/p>\n","protected":false},"featured_media":125,"comment_status":"open","ping_status":"closed","template":"","meta":[],"product_cat":[26],"product_tag":[],"class_list":["post-119","product","type-product","status-publish","has-post-thumbnail","hentry","product_cat-alltag","thunk-woo-product-list","opn-qv-enable","big-store-woo-hover-","open-single-product-tab-horizontal","open-shadow-","open-shadow-hover-"],"_links":{"self":[{"href":"https:\/\/valyon.ch\/index.php\/wp-json\/wp\/v2\/product\/119","targetHints":{"allow":["GET"]}}],"collection":[{"href":"https:\/\/valyon.ch\/index.php\/wp-json\/wp\/v2\/product"}],"about":[{"href":"https:\/\/valyon.ch\/index.php\/wp-json\/wp\/v2\/types\/product"}],"replies":[{"embeddable":true,"href":"https:\/\/valyon.ch\/index.php\/wp-json\/wp\/v2\/comments?post=119"}],"wp:featuredmedia":[{"embeddable":true,"href":"https:\/\/valyon.ch\/index.php\/wp-json\/wp\/v2\/media\/125"}],"wp:attachment":[{"href":"https:\/\/valyon.ch\/index.php\/wp-json\/wp\/v2\/media?parent=119"}],"wp:term":[{"taxonomy":"product_cat","embeddable":true,"href":"https:\/\/valyon.ch\/index.php\/wp-json\/wp\/v2\/product_cat?post=119"},{"taxonomy":"product_tag","embeddable":true,"href":"https:\/\/valyon.ch\/index.php\/wp-json\/wp\/v2\/product_tag?post=119"}],"curies":[{"name":"wp","href":"https:\/\/api.w.org\/{rel}","templated":true}]}}